 + 1617. Give o(-6).
3
Let f(d) = 44*d**2 - 192*d - 437. What is f(6)?
-5
Let v(l) = -l**3 - l**2 + l + 68. Calculate v(-7).
355
Let w(a) = -15*a + 307. Determine w(16).
67
Let y(r) = -2*r**2 - 39*r - 189. Give y(-10).
1
Let v(q) = -142*q - 1704. Calculate v(-12).
0
Let v(f) = -365*f + 19349. Determine v(53).
4
Let d(i) = 26*i - 2086. Determine d(81).
20
Let q(k) = 129*k + 6833. Calculate q(-53).
-4
Let z(u) = 13*u - 11. What is z(3)?
28
Let y(q) = 105*q - 7126. Calculate y(68).
14
Let m(d) = -25*d + 244. Determine m(13).
-81
Let j(c) = 26*c + 1838. Determine j(-71).
-8
Let s(w) = -w**2 - 21*w - 142. Give s(-14).
-44
Let y(h) = 124*h - 1272. Calculate y(13).
340
Let i(o) = 80*o**2 + 6800*o + 12. Calculate i(-85).
12
Let s(o) = 3*o**2 + 55*o + 38. Calculate s(-16).
-74
Let s(k) = 2*k**2 - 3*k - 1. Give s(2).
1
Let d(j) = -j**3 - 79*j**2 - 36*j - 2856. Determine d(-79).
-12
Let g(t) = -t**3 + 22*t**2 - 76*t + 18. What is g(17)?
171
Let b(j) = 491*j - 5. Give b(0).
-5
Let v(g) = -g**2 - 28*g + 10. Give v(-30).
-50
Let u(n) = -n**3 - 55*n**2 - n - 50. What is u(-55)?
5
Let w(k) = -k**2 - 107*k - 1346. What is w(-14)?
-44
Let w(x) = 44*x + 281. What is w(-5)?
61
Let t(x) = 707*x - 228359. Determine t(323).
2
Let k(h) = -679*h + 6261. What is k(9)?
150
Let t(i) = -i**2 + 117*i - 1960. What is t(20)?
-20
Let j(d) = 4*d**2 - 35*d - 115. Give j(-3).
26
Let q(a) = 1129*a - 4545. Determine q(4).
-29
Let o(b) = -2*b**3 - 33*b**2 - 44*b + 15. What is o(-15)?
0
Let x(f) = -2*f**2 - 19*f - 51. Give x(-7).
-16
Let d(t) = t**2 + 89*t + 1973. Calculate d(-42).
-1
Let a(b) = b**3 - 11*b**2 + 5*b - 27. Calculate a(8).
-179
Let k(r) = 4*r**2 - 42. Determine k(-6).
102
Let g(s) = -19*s - 23. Determine g(2).
-61
Let x(b) = 5*b**3 - 5*b**2 - 4*b - 2. What is x(-3)?
-170
Let g(q) = -q**3 - 52*q**2 - 42*q + 399. What is g(-51)?
-60
Let h(l) = l**2 - 7*l - 116. Give h(14).
-18
Let n(k) = 9038*k - 72298. What is n(8)?
6
Let z(u) = 6*u + 104. Give z(-34).
-100
Let y(p) = -15*p + 1022. Give y(69).
-13
Let m(o) = 376*o + 4880. Calculate m(-13).
-8
Let q(r) = -r**3 - 16*r**2 + 109*r + 69. Calculate q(-21).
-15
Let g(z) = 2*z**2 + 83*z - 521. Determine g(6).
49
Let v(k) = -k**3 - 15*k**2 - 52*k - 27. Give v(-9).
-45
Let v(o) = -5*o**3 - 78*o**2 + 16*o - 251. Calculate v(-16).
5
Let v(q) = q**3 + 70*q**2 - 125*q + 1359. Calculate v(-72).
-9
Let u(t) = 4*t**2 - 11*t - 113. What is u(-6)?
97
Let c(b) = b**2 - 144. Determine c(-14).
52
Let u(d) = 4*d**3 + 26*d**2 + 436*d + 3145. Determine u(-7).
-5
Let i(b) = -b**3 + 10*b**2 - 22*b - 24. Calculate i(6).
-12
Let d(c) = 409*c - 2859. What is d(7)?
4
Let n(t) = -240*t**2 - 10*t - 9. Calculate n(-1).
-239
Let a(p) = 1225*p - 1291. Calculate a(1).
-66
Let q(v) = -v**3 + 9*v**2 + 153*v - 1430. What is q(10)?
0
Let q(o) = -14*o - 206. Give q(0).
-206
Let d(y) = 55*y + 89. What is d(-4)?
-131
Let a(h) = 19*h - 390. Give a(4).
-314
Let y(l) = -8*l + 510. What is y(58)?
46
Let f(q) = -125*q - 1006. Determine f(-8).
-6
Let n(c) = -68*c - 433. Determine n(-9).
179
Let w(g) = 67*g - 1959. Calculate w(29).
-16
Let f(x) = -11*x**2 - 475*x + 1452. What is f(-46)?
26
Let l(y) = -182*y + 1103. What is l(6)?
11
Let x(b) = 2*b**2 - 31*b - 588. Determine x(-10).
-78
Let r(t) = -t**3 + 15*t**2 + 99*t - 1305. Calculate r(16).
23
Let s(v) = -367*v - 53941. Calculate s(-147).
8
Let h(b) = -357*b - 4641. What is h(-13)?
0
Let s(j) = 1421*j + 9948. Give s(-7).
1
Let c(t) = -4*t**2 + 283*t + 875. Determine c(-3).
-10
Let c(m) = -m**2 + 31*m + 56. Calculate c(-2).
-10
Let b(h) = -5*h**3 + 2*h**2 + 6*h + 10. What is b(3)?
-89
Let k(c) = 177*c + 538. Give k(-3).
7
Let g(z) = -2*z**2 + 18*z + 446. Calculate g(-11).
6
Let g(y) = -48*y - 77. Determine g(5).
-317
Let s(v) = -19*v - 35. What is s(-4)?
41
Let y(d) = 6*d**2 + d - 1. Determine y(-2).
21
Let d(w) = 45*w + 2311. Calculate d(-51).
16
Let l(u) = 15*u + 701. Calculate l(-35).
176
Let x(f) = -8*f**2 + 13*f + 26. Determine x(-2).
-32
Let t(c) = -c**3 - 48*c**2 - 48*c + 92. What is t(-47)?
139
Let y(j) = -j**3 - 5*j**2 + 16*j + 11. Calculate y(-4).
-69
Let u(g) = -8*g**2 - 6*g + 1878. What is u(15)?
-12
Let r(z) = 312*z + 1561. What is r(-5)?
1
Let r(h) = 34*h**2 - 646*h + 2. What is r(19)?
2
Let j(n) = -n**3 + 19*n**2 + 3*n - 64. Calculate j(19).
-7
Let o(u) = 16*u - 178. Calculate o(12).
14
Let o(g) = g**3 + 11*g**2 + 15*g - 27. What is o(-9)?
0
Let l(w) = 22*w + 428. Give l(-20).
-12
Let f(y) = 39*y + 532. Give f(-13).
25
Let c(w) = 87*w + 3842. Calculate c(-44).
14
Let b(n) = 2*n**3 + 23*n**2 - 126*n + 14. What is b(4)?
6
Let c(f) = -12*f**2 - 1278*f + 635. What is c(-107)?
-7
Let q(f) = -58*f - 344. What is q(-7)?
62
Let i(y) = 66*y - 200. Determine i(6).
196
Let r(f) = 13*f - 97. Calculate r(8).
7
Let r(f) = f**3 - 18*f**2 + 66*f - 322. Give r(15).
-7
Let v(k) = k**2 + 39*k + 27. Give v(-36).
-81
Let g(r) = 2*r**2 + 41*r + 260. Determine g(-8).
60
Let g(n) = 2*n**2 + 14*n - 3941. Calculate g(-48).
-5
Let i(p) = 2*p**3 + 74*p**2 + 71*p - 24. Give i(-36).
12
Let g(k) = -231*k - 10. Determine g(0).
-10
Let z(h) = -16*h**2 - 190*h - 492. What is z(-4)?
12
Let n(k) = -3*k - 55. What is n(-52)?
101
Let k(h) = 1954*h - 17581. Determine k(9).
5
Let o(u) = u**3 + 22*u**2 - 34*u + 9. Determine o(-23).
262
Let g(b) = -10*b**2 - 156*b - 32. Give g(-15).
58
Let v(g) = g**2 + 2*g - 829. What is v(-30)?
11
Let a(t) = t**2 + t - 2. Calculate a(-2).
0
Let f(w) = -4157*w - 33271. What is f(-8)?
-15
Let m(r) = -r**3 + 11*r**2 - 17*r + 15. Give m(10).
-55
Let n(j) = 5*j**3 + j**2 + 7*j - 7. Give n(1).
6
Let c(f) = 18*f**2 - 335*f + 1358. What is c(4)?
306
Let k(w) = -11*w**2 + 57*w + 7. What is k(5)?
17
Let r(n) = 277*n - 3072. What is r(11)?
-25
Let h(n) = 11*n**2 + 34*n + 59. Give h(-10).
819
Let b(t) = -7406*t + 103679. Give b(14).
-5
Let s(h) = -h**2 + 158*h + 1321. Determine s(-8).
-7
Let z(h) = 18*h - 752. Give z(41).
-14
Let p(a) = -19*a**2 + 37. Determine p(-4).
-267
Let v(a) = -4*a**2 + 143*a - 114. Determine v(35).
-9
Let m(w) = 2*w**3 + 23*w**2 - 76*w - 14. Give m(3).
19
Let y(i) = i**2 + 30*i + 151. Give y(-10).
-49
Let y(s) = 26*s**2 + 857*s - 41. Determine y(-33).
-8
Let m(c) = 11*c**2 + 5*c + 1. Determine m(4).
197
Let r(p) = 15*p - 231. Calculate r(16).
9
Let y(v) = 2*v**3 + 115*v**2 - 280*v + 1197. Calculate y(-60).
-3
Let h(x) = 5*x + 11. Determine h(-13).
-54
Let m(h) = -115*h + 692. Determine m(6).
2
Let p(y) = y**2 - 11*y + 292. Determine p(19).
444
Let k(i) = 62*i**2 + 28152*i + 1810. Calculate k(-454).
-6
Let d(m) = -63*m - 460. What is d(-8)?
44
Let c(z) = 149*z - 6. Determine c(0).
-6
Let o(y) = -34*y**2 + 240*y - 13. Give o(7).
1
Let x(h) = -275*h - 3595. Calculate x(-13).
-20
Let d(k) = k**3 - 2*k**2 - 6*k - 14. What is d(5)?
31
Let l(v) = -v**3 + 32*v**2 - 232*v + 34. Calculate l(21).
13
Let i(w) = -8*w**3 + 800*w**2 + 63. What is i(100)?
63
Let d(o) = o**2 - 100*o - 11. Determine d(100).
-11
Let x(p) = -p**2 + 43*p - 308. What is x(10)?
22
Let o(h) = -h**2 - 27*h - 21. What is o(-10)?
149
Let j(f) = -5*f**2 - 18*f + 93. Calculate j(3).
-6
Let u(w) = w**3 - 11*w**2 - 81*w + 686. Give u(13).
-29
Let n(h) = 2*h**2 + 64*h - 101. Give n(-37).
269
Let g(z) = -1014*z**2 - 7093*z + 12. Determine g(-7).
-23
Let d(u) = u**3 - 49*u**2 + 99*u - 2442. Calculate d(48).
6
Let p(q) = q**3 + 51*q**2 + 350*q + 20. What is p(-8)?
-28
Let g(s) = -2*s**2 - 18*s - 27. Give g(-4).
13
Let c(j) = j**3 - 29*j**2 - 206*j - 141. Give c(35).
-1
Let c(o) = -11*o**2 - 23*o - 40. Calculate c(-2).
-38
Let y(o) = -o**3 - 37*o**2 - 130*o - 8. Give y(-4).
-16
Let x(c) = -19*c**2 + 185*c + 14. What is x(10)?
-36
Let v(z) = -14*z - 3. Calculate v(0).
-3
Let l(y) = y**2 + 202*y + 7996. Calculate l(-54).
4
Let s(x) = -2*x**2 + 54*x + 399. Give s(33).
3
Let g(i) = i**3 - 27*i**2 + 201*i - 245. Calculate g(13).
2
Let s(g) = -g**2 - 91*g - 1882. Determine s(-34).
56
Let s(h) = -h**3 + 70*h**2 - 197*h - 273. Determine s(67).
-5
Let c(q) = -32*q**2 + 161*q - 4. Determine c(5).
1
Let t(r) = -8*r**3 - 9*r**2 - 20*r - 16. Give t(-3).
179
Let x(z) = -z**2 + 142*z - 2717. What is x(23)?
20
Let q(z) = -z**3 - 51*z**2 - 57*z - 388. Give q(-50).
-38
Let p(q) = -q**2 - 170*q + 1992. What is p(11)?
1
Let c(y) = 5*y**2 - 20*y - 35. What is c(8)